er when 4217 is divided by 19.
18
What is the remainder when 49 is divided by 17?
15
What is the remainder when 162 is divided by 55?
52
Calculate the remainder when 1000 is divided by 77.
76
What is the remainder when 479 is divided by 37?
35
Calculate the remainder when 91 is divided by 50.
41
Calculate the remainder when 944 is divided by 24.
8
Calculate the remainder when 182 is divided by 62.
58
Calculate the remainder when 2144 is divided by 38.
16
What is the remainder when 1724 is divided by 571?
11
Calculate the remainder when 57 is divided by 20.
17
Calculate the remainder when 366 is divided by 16.
14
Calculate the remainder when 10 is divided by 5.
0
What is the remainder when 2939 is divided by 39?
14
What is the remainder when 240 is divided by 62?
54
What is the remainder when 504 is divided by 38?
10
Calculate the remainder when 1791 is divided by 30.
21
Calculate the remainder when 130 is divided by 40.
10
What is the remainder when 2410 is divided by 23?
18
Calculate the remainder when 703 is divided by 16.
15
What is the remainder when 1664 is divided by 42?
26
What is the remainder when 212 is divided by 127?
85
Calculate the remainder when 450 is divided by 111.
6
Calculate the remainder when 902 is divided by 129.
128
What is the remainder when 2659 is divided by 76?
75
What is the remainder when 39 is divided by 6?
3
What is the remainder when 462 is divided by 227?
8
Calculate the remainder when 217 is divided by 63.
28
What is the remainder when 508 is divided by 16?
12
What is the remainder when 410 is divided by 116?
62
What is the remainder when 398 is divided by 129?
11
What is the remainder when 130 is divided by 15?
10
Calculate the remainder when 388 is divided by 130.
128
Calculate the remainder when 15 is divided by 3.
0
Calculate the remainder when 98 is divided by 48.
2
Calculate the remainder when 308 is divided by 86.
50
Calculate the remainder when 322 is divided by 9.
7
Calculate the remainder when 898 is divided by 100.
98
What is the remainder when 66 is divided by 42?
24
What is the remainder when 4647 is divided by 93?
90
Calculate the remainder when 293 is divided by 193.
100
What is the remainder when 577 is divided by 97?
92
Calculate the remainder when 1800 is divided by 73.
48
What is the remainder when 1892 is divided by 53?
37
What is the remainder when 453 is divided by 19?
16
Calculate the remainder when 5869 is divided by 34.
21
What is the remainder when 8008 is divided by 178?
176
What is the remainder when 2683 is divided by 31?
17
Calculate the remainder when 375 is divided by 171.
33
Calculate the remainder when 1524 is divided by 138.
6
What is the remainder when 6171 is divided by 16?
11
Calculate the remainder when 6021 is divided by 859.
8
What is the remainder when 27549 is divided by 84?
81
What is the remainder when 65 is divided by 29?
7
What is the remainder when 255 is divided by 24?
15
Calculate the remainder when 205 is divided by 19.
15
What is the remainder when 312 is divided by 20?
12
Calculate the remainder when 851 is divided by 275.
26
Calculate the remainder when 74 is divided by 38.
36
Calculate the remainder when 207 is divided by 14.
11
What is the remainder when 4311 is divided by 98?
97
What is the remainder when 67 is divided by 2?
1
What is the remainder when 254 is divided by 59?
18
What is the remainder when 1971 is divided by 64?
51
Calculate the remainder when 857 is divided by 85.
7
What is the remainder when 6717 is divided by 15?
12
What is the remainder when 280 is divided by 36?
28
Calculate the remainder when 3128 is divided by 58.
54
What is the remainder when 284 is divided by 137?
10
Calculate the remainder when 249 is divided by 43.
34
What is the remainder when 138 is divided by 47?
44
What is the remainder when 8 is divided by 3?
2
Calculate the remainder when 363 is divided by 73.
71
Calculate the remainder when 409 is divided by 201.
7
What is the remainder when 1011 is divided by 47?
24
Calculate the remainder when 1291 is divided by 62.
51
Calculate the remainder when 4131 is divided by 26.
23
What is the remainder when 1042 is divided by 1032?
10
What is the remainder when 281 is divided by 13?
8
Calculate the remainder when 899 is divided by 100.
99
Calculate the remainder when 56 is divided by 14.
0
Calculate the remainder when 573 is divided by 172.
57
Calculate the remainder when 222 is divided by 110.
2
Calculate the remainder when 398 is divided by 132.
2
What is the remainder when 247 is divided by 128?
119
What is the remainder when 532 is divided by 322?
210
What is the remainder when 286 is divided by 59?
50
Calculate the remainder when 90 is divided by 25.
15
What is the remainder when 643 is divided by 130?
123
Calculate the remainder when 86 is divided by 49.
37
What is the remainder when 7228 is divided by 7?
4
What is the remainder when 2735 is divided by 114?
113
What is the remainder when 1493 is divided by 241?
47
What is the remainder when 366 is divided by 23?
21
What is the remainder when 314 is divided by 155?
4
Calculate the remainder when 6381 is divided by 1593.
9
What is the remainder when 167 is divided by 21?
20
What is the remainder when 6 is divided by 6?
0
What is the remainder when 1075 is divided by 117?
22
What is the remainder when 651 is divided by 172?
135
What is the remainder when 113 is divided by 55?
3
What is the remainder when 250 is divided by 79?
13
What is the remainder when 1195 is divided by 63?
61
Calculate the remainder when 48 is divided by 5.
3
What is the remainder when 137 is divided by 36?
29
What is the remainder when 1073 is divided by 512?
49
What is the remainder when 126 is divided by 10?
6
What is the remainder when 100 is divided by 15?
10
Calculate the remainder when 331 is divided by 83.
82
Calculate the remainder when 893 is divided by 24.
5
What is the remainder when 622 is divided by 24?
22
What is the remainder when 189 is divided by 4?
1
What is the remainder when 78 is divided by 41?
37
Calculate the remainder when 2044 is divided by 33.
31
Calculate the remainder when 71 is divided by 43.
28
What is the remainder when 168 is divided by 58?
52
What is the remainder when 175 is divided by 21?
7
Calculate the remainder when 2052 is divided by 13.
11
What is the remainder when 523 is divided by 176?
171
What is the remainder when 26699 is divided by 100?
99
Calculate the remainder when 269 is divided by 34.
31
Calculate the remainder when 54 is divided by 35.
19
What is the remainder when 416 is divided by 412?
4
What is the remainder when 6089 is divided by 122?
111
What is the remainder when 432 is divided by 12?
0
Calculate the remainder when 1063 is divided by 14.
13
Calculate the remainder when 84 is divided by 81.
3
What is the remainder when 95 is divided by 48?
47
Calculate the remainder when 87 is divided by 30.
27
What is the remainder when 56 is divided by 16?
8
What is the remainder when 877 is divided by 27?
13
What is the remainder when 341 is divided by 6?
5
Calculate the remainder when 204 is divided by 86.
32
Calculate the remainder when 1149 is divided by 8.
5
Calculate the remainder when 348 is divided by 22.
18
Calculate the remainder when 495 is divided by 71.
69
Calculate the remainder when 4528 is divided by 15.
13
What is the remainder when 221 is divided by 28?
25
What is the remainder when 89 is divided by 16?
9
Calculate the remainder when 487 is divided by 130.
97
What is the remainder when 1970 is divided by 58?
56
What is the remainder when 349 is divided by 337?
12
Calculate the remainder when 2756 is divided by 212.
0
Calculate the remainder when 34 is divided by 12.
10
What is the remainder when 295 is divided by 148?
147
What is the remainder when 140 is divided by 72?
68
Calculate the remainder when 225 is divided by 38.
35
Calculate the remainder when 142 is divided by 24.
22
Calculate the remainder when 20891 is divided by 100.
91
Calculate the remainder when 1225 is divided by 81.
10
What is the remainder when 76 is divided by 32?
12
What is the remainder when 11 is divided by 4?
3
What is the remainder when 81 is divided by 38?
5
Calculate the remainder when 141 is divided by 29.
25
What is the remainder when 126 is divided by 44